is the hundreds digit of 1323841760?
7
What is the thousands digit of 705439423?
9
What is the ten thousands digit of 66236611?
3
What is the ten thousands digit of 12685325?
8
What is the units digit of 4443131912?
2
What is the hundreds digit of 18115199?
1
What is the hundreds digit of 950140680?
6
What is the ten thousands digit of 97086083?
8
What is the hundreds digit of 279162769?
7
What is the ten thousands digit of 1462570614?
7
What is the millions digit of 101930298?
1
What is the tens digit of 202468714?
1
What is the ten thousands digit of 56151026?
5
What is the thousands digit of 173863402?
3
What is the billions digit of 1350327665?
1
What is the hundreds digit of 320830089?
0
What is the ten millions digit of 336274319?
3
What is the tens digit of 88271327?
2
What is the units digit of 359121997?
7
What is the thousands digit of 295774782?
4
What is the thousands digit of 128020198?
0
What is the ten millions digit of 1590687284?
9
What is the hundreds digit of 74417878?
8
What is the hundred millions digit of 3616028563?
6
What is the ten thousands digit of 2476700711?
0
What is the hundreds digit of 83759724?
7
What is the units digit of 1150588091?
1
What is the millions digit of 36494116?
6
What is the ten thousands digit of 5624702585?
0
What is the hundreds digit of 823228810?
8
What is the millions digit of 474961357?
4
What is the tens digit of 24731169?
6
What is the ten thousands digit of 1644082?
4
What is the hundred thousands digit of 57591900?
5
What is the units digit of 41311469?
9
What is the thousands digit of 3138338?
8
What is the hundred millions digit of 567138748?
5
What is the units digit of 469236505?
5
What is the millions digit of 2090826?
2
What is the units digit of 412144210?
0
What is the millions digit of 91136361?
1
What is the hundred millions digit of 224558789?
2
What is the hundreds digit of 486981416?
4
What is the hundred millions digit of 664395335?
6
What is the tens digit of 32614189?
8
What is the ten thousands digit of 1093444422?
4
What is the thousands digit of 1413622238?
2
What is the hundred thousands digit of 3166130710?
1
What is the ten millions digit of 8357246352?
5
What is the hundred thousands digit of 146600512?
6
What is the millions digit of 2792948820?
2
What is the hundred millions digit of 1687301871?
6
What is the hundreds digit of 52322607?
6
What is the hundreds digit of 99008595?
5
What is the ten millions digit of 66487969?
6
What is the hundred thousands digit of 5806563727?
5
What is the billions digit of 1407647537?
1
What is the ten millions digit of 5219173800?
1
What is the billions digit of 1960290172?
1
What is the ten thousands digit of 153597444?
9
What is the millions digit of 4040326489?
0
What is the units digit of 97768750?
0
What is the tens digit of 3045540665?
6
What is the ten thousands digit of 42781731?
8
What is the millions digit of 1091707900?
1
What is the units digit of 130618129?
9
What is the hundred thousands digit of 18488475?
4
What is the ten millions digit of 94814841?
9
What is the ten thousands digit of 7362923?
6
What is the hundred thousands digit of 55677675?
6
What is the hundred millions digit of 3499544895?
4
What is the hundred millions digit of 161541792?
1
What is the ten thousands digit of 24566278?
6
What is the units digit of 100209790?
0
What is the thousands digit of 95208768?
8
What is the millions digit of 147853333?
7
What is the tens digit of 28576389?
8
What is the hundred thousands digit of 526316961?
3
What is the hundred thousands digit of 15438545?
4
What is the hundred thousands digit of 97674086?
6
What is the tens digit of 5556788030?
3
What is the tens digit of 94133298?
9
What is the hundreds digit of 84066411?
4
What is the millions digit of 160105251?
0
What is the units digit of 904685925?
5
What is the ten millions digit of 346860821?
4
What is the hundreds digit of 285693543?
5
What is the billions digit of 3801846626?
3
What is the thousands digit of 46235721?
5
What is the hundreds digit of 32577733?
7
What is the hundred thousands digit of 121358201?
3
What is the ten millions digit of 366178164?
6
What is the hundred millions digit of 211179099?
2
What is the hundred millions digit of 253500524?
2
What is the hundred thousands digit of 46766180?
7
What is the ten thousands digit of 2623999314?
9
What is the millions digit of 14605569?
4
What is the billions digit of 1114082474?
1
What is the units digit of 2059391925?
5
What is the hundreds digit of 581168764?
7
What is the tens digit of 314024817?
1
What is the hundred millions digit of 990872049?
9
What is the tens digit of 241401577?
7
What is the thousands digit of 584834704?
4
What is the ten thousands digit of 70629133?
2
What is the thousands digit of 222161761?
1
What is the hundreds digit of 19269664?
6
What is the tens digit of 318689743?
4
What is the ten thousands digit of 48838947?
3
What is the hundreds digit of 945851236?
2
What is the thousands digit of 2318904292?
4
What is the units digit of 232747538?
8
What is the units digit of 248729161?
1
What is the ten thousands digit of 707449136?
4
What is the units digit of 6344000?
0
What is the hundreds digit of 176173273?
2
What is the hundred thousands digit of 10133597?
1
What is the units digit of 510699327?
7
What is the billions digit of 1204124247?
1
What is the hundreds digit of 912750048?
0
What is the millions digit of 277021344?
7
What is the units digit of 91616502?
2
What is the ten millions digit of 173601415?
7
What is the units digit of 33929694?
4
What is the hundred thousands digit of 62312693?
3
What is the tens digit of 1026155638?
3
What is the hundred millions digit of 522752637?
5
What is the ten millions digit of 6212640806?
1
What is the thousands digit of 5861185053?
5
What is the hundred thousands digit of 1043964890?
9
What is the ten thousands digit of 1074923555?
2
What is the thousands digit of 211280392?
0
What is the hundred thousands digit of 1889742138?
7
What is the tens digit of 1148612534?
3
What is the thousands digit of 2986085224?
5
What is the units digit of 398756866?
6
What is the units digit of 103919428?
8
What is the hundred millions digit of 1347235408?
3
What is the units digit of 4257530090?
0
What is the hundred thousands digit of 967343688?
3
What is the hundred millions digit of 1058987262?
0
What is the millions digit of 177352685?
7
What is the hundreds digit of 59443958?
9
What is the billions digit of 2967804831?
2
What is the ten millions digit of 1281658305?
8
What is the thousands digit of 70138883?
8
What is the ten millions digit of 1053088102?
5
What is the ten thousands digit of 184930350?
3
What is the hundred thousands digit of 70025219?
0
What is the thousands digit of 227139454?
9
What is the units digit of 1794089601?
1
What is the ten thousands digit of 668174968?
7
What is the ten millions digit of 17157631?
1
What is the millions digit of 171820473?
1
What is the hundred thousands digit of 1486423420?
4
What is the hundreds digit of 44595418?
4
What is the hundreds digit of 54121916?
9
What is the ten millions digit of 3607675093?
0
What is the tens digit of 566709140?
4
What is the hundred millions digit of 3041161480?
0
What is the ten thousands digit of 333529741?
2
What is the billions digit of 2699846038?
2
What is the ten thousands digit of 39824710?
2
What is the ten millions digit of 308352773?
0
What is the hundred thousands digit of 18098364?
0
What is the ten millions digit of 298678970?
9
What is the hundreds digit of 56008078?
0
What is the ten thousands digit of 902508765?
0
What is the hundreds digit of 126853351?
3
What is the hundred thousands digit of 199431056?
4
What is the tens digit of 304834939?
3
What is the thousands digit of 625137668?
7
What is the hundred millions digit of 230816958?
2
What is the thousands digit of 498693776?
3
What is the ten millions digit of 43836198?
4
What is the units digit of 184946408?
8
What is the hundreds digit of 286396242?
2
What is the thousands digit of 65204554?
4
What is the hundreds digit of 38183071?
0
What is the ten thousands digit of 39399750?
9
What is the units digit of 3608727464?
4
What is the tens digit of 199898300?
0
What is the 